5 - -64. List the prime factors of v.
79
Let l be 32/(-6)*1155/(-22). Suppose -4*n = n - l. List the prime factors of n.
2, 7
Let k(s) be the second derivative of -s**4/12 + 7*s**3/6 - 7*s**2/2 + s. Let p be k(5). Suppose 0*a - p*a + 45 = 0. List the prime factors of a.
3, 5
Suppose 0 = 3*q + q - 596. Suppose 5*k + 4 = q. Suppose 2*f - l = k, 0*f = -5*f - l + 83. List the prime factors of f.
2
Suppose -6*z = -4*z - 406. List the prime factors of z.
7, 29
Let k(l) = l**3 - l**2. Let h be k(0). Let i(p) = -p**2 - p + 16. Let n be i(h). Suppose 3*u = -u + n. List the prime factors of u.
2
Let m be -1*-3*1/(-3). Let q(i) = -8*i**3 - i**2 - 2*i - 1. List the prime factors of q(m).
2
Let l = 22 + -23. Let c = -42 + 25. Let x = l - c. List the prime factors of x.
2
Let o(f) be the third derivative of f**6/720 + 7*f**5/120 - f**4/6 + 2*f**2. Let r(j) be the second derivative of o(j). List the prime factors of r(5).
2, 3
Let z = -202 + 357. List the prime factors of z.
5, 31
Suppose -5*i + 0*i = -5. List the prime factors of 376/16 + i/(-2).
23
Let u = -58 + 128. Suppose -3*y + u - 28 = 0. What are the prime factors of y?
2, 7
Let q = 5 + -10. Let b(d) = 2*d**2 + 5*d. Let t be b(q). Suppose t = -f + 6*f. List the prime factors of f.
5
Suppose 2*x - n - 238 = 0, -4*x = -4*n - 266 - 218. List the prime factors of x.
3, 13
Let m(q) = -q + 2. Let l = -3 - 4. Let o be m(l). Let w = -2 + o. What are the prime factors of w?
7
Let d(m) = m**2 - 5*m - 2. Let u(n) = -n**2 - n. Let r be u(-1). Let y be 8 + r + -4 + 3. List the prime factors of d(y).
2, 3
Let x be 2*1 - (6 - 3). What are the prime factors of x/2*14*-1?
7
Let s = 11 - 7. Suppose 5*b - s*b - 6 = 0. List the prime factors of b.
2, 3
Let m(a) = a**3 - 9*a**2 + 8*a + 8. Suppose 4*t + 10 = 6*t. Suppose -d = -t*i + 3*d + 52, 5*i = -d + 37. What are the prime factors of m(i)?
2
Let r(i) = -i**2 - 8*i + 11. Let n(s) = s. Let o be 4/(6/4 - 2). Let c be n(o). What are the prime factors of r(c)?
11
Let q be 20/50 - 66/(-10). Let z = 16 + q. What are the prime factors of z?
23
Suppose 7*q - 258 - 36 = 0. What are the prime factors of q?
2, 3, 7
Let q be (2/6)/((-2)/(-24)). Let p(c) = -c + 6. What are the prime factors of p(q)?
2
Suppose 5*p - 1470 = c, -2*c + 187 = 3*p - 708. What are the prime factors of p?
5, 59
Let h(c) = 2*c**2 - 3*c + 2. Let p be h(2). Let y = p - 2. Suppose -23 = -b + 3*u, -3*b - 2*u + y = -12. List the prime factors of b.
2
Let n be (-12)/(3*3/(-18)). Let t = 65 - n. What are the prime factors of t?
41
Let i = -22 + 24. What are the prime factors of (-1)/(1 - i) - -1?
2
Let k(v) = 3*v**3 + v**2 - v + 1. Let x be k(2). Let s = -19 + x. List the prime factors of (-2)/(-1) + s*1.
2, 5
What are the prime factors of (15 + -1)*(0 + 2)?
2, 7
Suppose -6*u = -u + 20. Let l(t) = -3*t - 6. List the prime factors of l(u).
2, 3
Let s(z) = 17*z - 1. List the prime factors of s(2).
3, 11
Let t(w) = 11*w + 2*w**2 + 1 - 3 - 3*w**2. What are the prime factors of t(10)?
2
Let z(j) = j - 7*j - j**2 + 2 + 2 - 8. Let d be z(-4). Suppose -s = 2*s + 5*l - 9, d*s + 2*l - 12 = 0. List the prime factors of s.
3
Let z = 4 + -20. Let w = -5 - z. Let h = 22 - w. List the prime factors of h.
11
Suppose -14*l = -4*l - 280. List the prime factors of l.
2, 7
Suppose -4*r + 3 = -5*b, 4*r - r + 4 = 5*b. List the prime factors of r.
7
Let v(p) = 3*p - 4. Suppose -6 = -u - 0. Suppose 4*j + 3*t = -u + 29, -4*j + t + 19 = 0. What are the prime factors of v(j)?
11
Suppose 3*b - 6 = -0. Suppose 4*i = b*n + 62, -79 = -5*i - 0*i + 3*n. List the prime factors of i.
2, 7
Let o(h) = -h**3 - 7*h**2 - 7*h + 2. Let q be o(-6). Let i(l) = l**2 + 3*l - 2. Let p be i(-5). Let n = p + q. What are the prime factors of n?
2
Suppose -f + 3*f - 12 = 0. Suppose h - 5*j = -2*h + 38, 3*j = f. List the prime factors of h.
2
Let y be (1/3)/(2/30). Let a be 612/14 + (-4)/(-14). Suppose -s = -y*s + a. What are the prime factors of s?
11
Let w(n) = 3*n**2 + 2*n. Let q be w(3). Suppose -3*d = q - 141. What are the prime factors of d?
2, 3
Let i(d) = 84*d**2 - d. Let u be i(1). Let f = 59 - u. Let h = f + 38. What are the prime factors of h?
2, 7
Let o be (-1)/(-3) - (-2)/(-6). Suppose 4*t - 16 = o, 3*m - 151 = -2*t - 29. What are the prime factors of m?
2, 19
List the prime factors of (-12)/42 + 0 + (-4332)/(-21).
2, 103
Let l be (-3)/(3/30*-2). Suppose -m - d - 12 = 3*d, -l = -m + 5*d. Let a = m + 9. What are the prime factors of a?
3
Suppose -3*s + 6*s = 126. What are the prime factors of s?
2, 3, 7
Let l = -43 - -26. Suppose -s = -5*a + s - 123, -2*a - 4*s - 54 = 0. Let t = l - a. List the prime factors of t.
2
Let q = -4 + 8. Let t(k) = -q*k**3 + 2*k**2 + 3 + 5*k**3 + 0 - 2 - 4*k. What are the prime factors of t(-3)?
2
Let s(q) = 2*q - 6. Let i(c) = c**2 + 7*c + 5. Let z be i(-7). Let x be s(z). Suppose h = x*h - 36. What are the prime factors of h?
2, 3
Let b be 2/(-3) + 60/9. Let n(q) = q**3 - 6*q**2 - 3*q + 9. Let i be n(b). Let d = i - -16. List the prime factors of d.
7
Let z = 16 + -11. Suppose w + 3 = 2*x, -z*x + 0*x - w = 3. Suppose -4*r - j + 37 = x, j + 35 = 4*r - 0*j. What are the prime factors of r?
3
Let b = -23 - -41. List the prime factors of 347/15 - b/135.
23
Let d = -117 + 83. List the prime factors of (d/3)/((-16)/24).
17
Suppose -2*x + 60 = -5*x. List the prime factors of ((-24)/x)/((-6)/(-20)).
2
Let q = 98 + -22. What are the prime factors of q?
2, 19
Let z be (4/16)/(1/4). Let s = z + 49. What are the prime factors of s?
2, 5
Suppose -4*w + x + 8 = -3*w, -2*x - 28 = -5*w. Suppose 5*a - 7 = -2*r, -w*a = -r + 29 - 6. List the prime factors of r.
11
Suppose c - 7 + 2 = 0. Suppose 2*f - z - 2 = 0, 5*f + 0*z = 4*z + c. List the prime factors of (2 - f) + (-21)/(-3).
2
Let x be (-2)/(-8) - 33/(-12). Suppose 4*i + x*g = i + 150, -3*i + 4*g + 122 = 0. Suppose -4*m + i + 30 = 0. List the prime factors of m.
19
Let k(p) be the first derivative of p**6/360 - 7*p**4/24 - 4*p**3/3 + 4. Let o(g) be the third derivative of k(g). What are the prime factors of o(5)?
2, 3
Let k(z) = -z**2 - 20*z - 17. List the prime factors of k(-17).
2, 17
Suppose -l + 6 = 2*l. Suppose 45 = -l*j + 7*j. What are the prime factors of j?
3
Suppose 3*u = -2*b + 55, -2*b - u + 3*u = -40. List the prime factors of b.
23
Let h(b) = -b - 3. Let i(p) = p**2 + 6*p - 5. Let v be i(-5). List the prime factors of h(v).
7
Let x be (-26)/((-6)/27*-3). Let k = x - -71. List the prime factors of k.
2
Let p(c) = c**2 + 3*c + 1. Let d be p(-5). Suppose d*l = 6*l + 30. Suppose -l = -t + 2. What are the prime factors of t?
2
Let a be -1 + 1 + (3 - 1). Suppose -a*j + 37 + 21 = 0. List the prime factors of j.
29
Let f = 19 + -36. Let j be 15*2 + 1*-1. Let s = f + j. List the prime factors of s.
2, 3
Suppose 0 = 4*p + 4, -38 = 2*c - 2*p - 2. Let g be 4/(-14) - 212/(-7). Let o = c + g. What are the prime factors of o?
11
Suppose 2*a + 3 + 9 = 3*o, -5*o = 4*a - 42. What are the prime factors of o?
2, 3
Let d be 11*2 + 0/6. Suppose -41 - d = -3*q. List the prime factors of q.
3, 7
Suppose -2*f + 5*j + 54 + 22 = 0, 0 = -3*f - j + 131. Let b = f + -25. List the prime factors of b.
2, 3
What are the prime factors of 3/3 + 140/5?
29
Suppose 3*g = -3*v + 90, -g = -4*v + 8*v - 129. Suppose m + s + 165 = 6*m, m - v = -s. List the prime factors of m.
3, 11
Let h be (-2)/(-6) + 3/(-9). Let c be -2 + h - (-5 - 1). Let a(f) = 2*f - 5. What are the prime factors of a(c)?
3
Let x = -21 - -29. What are the prime factors of -32*(-4)/x + 1?
17
Let d(r) be the third derivative of r**5/60 - r**4/8 + r**3/6 + r**2. List the prime factors of d(5).
11
Let p(z) = 55*z**3 - 3*z**2 + 1. What are the prime factors of p(1)?
53
Let b(p) = p**2 + 2*p - 5. Let l be b(-4). Suppose d - 11 = g, -l*g - 7 = -5*d + 38. List the prime factors of d.
2, 3
Suppose 0 = 4*b - 4*v - 84, 3*b + 4*v = -v + 79. List the prime factors of b.
23
Let a = 16 + -5. Suppose 93 = 4*r - a. List the prime factors of r.
2, 13
What are the prime factors of (-11 + (-8 - -4))/((-9)/210)?
2, 5, 7
Let v = 51 - 14. What are the prime factors of v?
37
Let u(o) be the third derivative of -o**7/2520 + o**6/720 + o**5/24 + o**4/12 + o**2. Let q(h) be the second derivative of u(h). List the prime factors of q(0).
5
Let q(n) = n**2 - 4*n - 5. Let y